{"id":15,"date":"2020-01-21T20:49:59","date_gmt":"2020-01-21T19:49:59","guid":{"rendered":"http:\/\/51.75.161.103\/ditt_ek\/?page_id=15"},"modified":"2020-06-23T21:31:51","modified_gmt":"2020-06-23T19:31:51","slug":"tjanster","status":"publish","type":"page","link":"https:\/\/dittekonomikontor.se\/index.php\/tjanster\/","title":{"rendered":"Tj\u00e4nster"},"content":{"rendered":"\n<figure class=\"wp-block-image size-large\"><img decoding=\"async\" loading=\"lazy\" width=\"1024\" height=\"128\" src=\"http:\/\/51.75.161.103\/ditt_ek\/wp-content\/uploads\/2020\/06\/fotorad-1024x128.png\" alt=\"\" class=\"wp-image-331\" srcset=\"https:\/\/dittekonomikontor.se\/wp-content\/uploads\/2020\/06\/fotorad-1024x128.png 1024w, https:\/\/dittekonomikontor.se\/wp-content\/uploads\/2020\/06\/fotorad-300x38.png 300w, https:\/\/dittekonomikontor.se\/wp-content\/uploads\/2020\/06\/fotorad-768x96.png 768w, https:\/\/dittekonomikontor.se\/wp-content\/uploads\/2020\/06\/fotorad-1536x192.png 1536w, https:\/\/dittekonomikontor.se\/wp-content\/uploads\/2020\/06\/fotorad-2048x256.png 2048w\" sizes=\"(max-width: 1024px) 100vw, 1024px\" \/><\/figure>\n\n\n\n<p style=\"color:#4585a0\" class=\"has-text-color has-text-align-center\">______________________________________________________________________________<\/p>\n\n\n\n<p style=\"color:#4585a0\" class=\"has-text-color has-text-align-center has-large-font-size\">Bokf\u00f6ring<\/p>\n\n\n\n<p style=\"color:#4585a0\" class=\"has-text-color has-text-align-center has-normal-font-size\">Vi hj\u00e4lper dig att f\u00e5 struktur p\u00e5 din redovisning och ser till att den f\u00f6ljer de krav som bokf\u00f6ringslagen st\u00e4ller. <br>Du frig\u00f6r mer tid till din \u00f6vriga verksamhet. <\/p>\n\n\n\n<div class=\"wp-block-group\"><div class=\"wp-block-group__inner-container is-layout-flow\">\n<p style=\"color:#4585a0\" class=\"has-text-color has-text-align-center has-medium-font-size\">L\u00f6pande bokf\u00f6ring<\/p>\n\n\n\n<p style=\"color:#4585a0\" class=\"has-text-color has-text-align-center has-medium-font-size\">Fakturering<\/p>\n\n\n\n<p style=\"color:#4585a0\" class=\"has-text-color has-text-align-center has-medium-font-size\">Momsdeklaration<\/p>\n\n\n\n<p style=\"color:#4585a0\" class=\"has-text-color has-text-align-center has-medium-font-size\">M\u00e5nadsrapporter<\/p>\n<\/div><\/div>\n\n\n\n<p style=\"color:#4585a0\" class=\"has-text-color has-text-align-center\">______________________________________________________________________________<\/p>\n\n\n\n<p style=\"color:#4585a0\" class=\"has-text-color has-text-align-center has-large-font-size\">L\u00f6ner<\/p>\n\n\n\n<p style=\"color:#4585a0\" class=\"has-text-color has-text-align-center has-medium-font-size\"> L\u00f6nebesked<\/p>\n\n\n\n<p style=\"color:#4585a0\" class=\"has-text-color has-text-align-center has-medium-font-size\"> Arbetsgivardeklaration<\/p>\n\n\n\n<p style=\"color:#4585a0\" class=\"has-text-color has-text-align-center has-medium-font-size\"> Rapportering till Fora och andra pensionsbolag<\/p>\n\n\n\n<p style=\"color:#4585a0\" class=\"has-text-color has-text-align-center has-medium-font-size\"> Anst\u00e4llningsavtal, arbetsgivarintyg och andra personalhandlingar<\/p>\n\n\n\n<p style=\"color:#4585a0\" class=\"has-text-color has-text-align-center\">______________________________________________________________________________<\/p>\n\n\n\n<p style=\"color:#4585a0\" class=\"has-text-color has-text-align-center has-large-font-size\">Bokslut<\/p>\n\n\n\n<p style=\"color:#4585a0\" class=\"has-text-color has-text-align-center has-normal-font-size\">Vi hj\u00e4lper dig med att utforma dokument f\u00f6r f\u00f6retagets \u00e5rsavslut beroende p\u00e5 bolagsform. <\/p>\n\n\n\n<p style=\"color:#4585a0\" class=\"has-text-color has-text-align-center has-medium-font-size\"> \u00c5rsbokslut f\u00f6r enskild firma<\/p>\n\n\n\n<p style=\"color:#4585a0\" class=\"has-text-color has-text-align-center has-medium-font-size\">\u00c5rsredovisning f\u00f6r aktiebolag<\/p>\n\n\n\n<p style=\"color:#4585a0\" class=\"has-text-color has-text-align-center has-medium-font-size\">Inkomstdeklaration   <\/p>\n\n\n\n<p style=\"color:#4585a0\" class=\"has-text-color has-text-align-center\">______________________________________________________________________________<\/p>\n\n\n\n<p style=\"color:#4585a0\" class=\"has-text-color has-text-align-center has-large-font-size\">Skatter<\/p>\n\n\n\n<p style=\"color:#4585a0\" class=\"has-text-color has-text-align-center has-normal-font-size\">Vi h\u00e5ller oss uppdaterade inom skatteomr\u00e5det.<\/p>\n\n\n\n<p style=\"color:#4585a0\" class=\"has-text-color has-text-align-center has-medium-font-size\">Inkomstdeklaration<\/p>\n\n\n\n<p style=\"color:#4585a0\" class=\"has-text-color has-text-align-center has-medium-font-size\">Prelimin\u00e4r inkomstdeklaration  <\/p>\n\n\n\n<p style=\"color:#4585a0\" class=\"has-text-color has-text-align-center\">______________________________________________________________________________<\/p>\n\n\n\n<p><\/p>\n","protected":false},"excerpt":{"rendered":"<p>Bokf\u00f6ring Vi hj\u00e4lper dig att f\u00e5 struktur p\u00e5 din redovisning och ser till att den f\u00f6ljer de krav som bokf\u00f6ringslagen st\u00e4ller. Du frig\u00f6r mer tid till din \u00f6vriga verksamhet. L\u00f6pande bokf\u00f6ring Fakturering Momsdeklaration M\u00e5nadsrapporter ______________________________________________________________________________ L\u00f6ner L\u00f6nebesked Arbetsgivardeklaration Rapportering till Fora och andra pensionsbolag Anst\u00e4llningsavtal, arbetsgivarintyg och andra personalhandlingar ______________________________________________________________________________ Bokslut Vi hj\u00e4lper dig med [&hellip;]<\/p>\n","protected":false},"author":1,"featured_media":0,"parent":0,"menu_order":0,"comment_status":"closed","ping_status":"closed","template":"","meta":[],"_links":{"self":[{"href":"https:\/\/dittekonomikontor.se\/index.php\/wp-json\/wp\/v2\/pages\/15"}],"collection":[{"href":"https:\/\/dittekonomikontor.se\/index.php\/wp-json\/wp\/v2\/pages"}],"about":[{"href":"https:\/\/dittekonomikontor.se\/index.php\/wp-json\/wp\/v2\/types\/page"}],"author":[{"embeddable":true,"href":"https:\/\/dittekonomikontor.se\/index.php\/wp-json\/wp\/v2\/users\/1"}],"replies":[{"embeddable":true,"href":"https:\/\/dittekonomikontor.se\/index.php\/wp-json\/wp\/v2\/comments?post=15"}],"version-history":[{"count":84,"href":"https:\/\/dittekonomikontor.se\/index.php\/wp-json\/wp\/v2\/pages\/15\/revisions"}],"predecessor-version":[{"id":337,"href":"https:\/\/dittekonomikontor.se\/index.php\/wp-json\/wp\/v2\/pages\/15\/revisions\/337"}],"wp:attachment":[{"href":"https:\/\/dittekonomikontor.se\/index.php\/wp-json\/wp\/v2\/media?parent=15"}],"curies":[{"name":"wp","href":"https:\/\/api.w.org\/{rel}","templated":true}]}}